rime?
False
Is 168433543 a prime number?
False
Is 6064698289 a prime number?
False
Is 2620081441 prime?
True
Is 2636363861 a composite number?
False
Is 1745942701 a prime number?
True
Is 18037407793 a prime number?
True
Is 84134274947 a composite number?
False
Is 67307278963 a prime number?
True
Is 6206005747 prime?
True
Is 258337903 a prime number?
True
Is 2949551197 a composite number?
False
Is 310898533601 a prime number?
False
Is 11546607047 composite?
False
Is 478499113 composite?
False
Is 7371808861 a prime number?
True
Is 989712019 a composite number?
False
Is 2572682317 a prime number?
True
Is 8863183033 composite?
False
Is 93385043179 a prime number?
True
Is 36152402809 a prime number?
True
Is 704328253 a composite number?
True
Is 15515949797 a composite number?
True
Is 307188189047 prime?
True
Is 558080543 a composite number?
True
Is 8432408773 a prime number?
False
Is 991886591 composite?
True
Is 3286079283 composite?
True
Is 4347073 a prime number?
True
Is 9800027 composite?
False
Is 1609000723 a composite number?
True
Is 1629476549 prime?
False
Is 12042543263 a composite number?
False
Is 140323716497 composite?
True
Is 180811643 composite?
True
Is 573685927 composite?
True
Is 132539689693 prime?
False
Is 3592202431 a composite number?
False
Is 447102613 composite?
False
Is 6567598967 a composite number?
True
Is 3365809555 a prime number?
False
Is 535860041 prime?
True
Is 3181851971 a composite number?
True
Is 2579940599 a prime number?
True
Is 22726333867 a prime number?
True
Is 34983176321 composite?
True
Is 1992459545 prime?
False
Is 328132361 a composite number?
True
Is 14759081257 a prime number?
False
Is 1933030091 composite?
False
Is 11543726383 a composite number?
True
Is 215507779 composite?
False
Is 24289872881 a composite number?
False
Is 19986251 composite?
False
Is 105328823 a composite number?
False
Is 1081658621 a composite number?
False
Is 3889103143 composite?
True
Is 311433407139 a composite number?
True
Is 4676117063 prime?
True
Is 2661728917 prime?
False
Is 1552188217 a composite number?
True
Is 107715560243 a prime number?
False
Is 7175533229 a prime number?
True
Is 4113600121 a prime number?
True
Is 70508360941 composite?
True
Is 7208429687 a composite number?
True
Is 16207133611 a prime number?
False
Is 171613360573 a prime number?
True
Is 374980547 composite?
True
Is 8285990491 composite?
True
Is 2295941381 prime?
True
Is 105413033321 a composite number?
True
Is 507151147 composite?
False
Is 1405562009 a composite number?
False
Is 2789915519 a composite number?
True
Is 894515201 composite?
False
Is 34701689041 prime?
True
Is 790451761 prime?
False
Is 5282122123 composite?
True
Is 5899547273 prime?
False
Is 740803061 a composite number?
True
Is 128819259913 composite?
False
Is 1369741111 a composite number?
False
Is 51969197171 a composite number?
False
Is 4621222895 a prime number?
False
Is 1854565247 composite?
False
Is 4452779131 a composite number?
True
Is 558585901 a composite number?
True
Is 38842278143 prime?
True
Is 2919631303 composite?
False
Is 5266674587 a composite number?
False
Is 82821441103 composite?
False
Is 2256964673 composite?
True
Is 1045060343 a prime number?
True
Is 10139868281 prime?
True
Is 280025407 a composite number?
False
Is 550534027 composite?
True
Is 2158923817 a composite number?
False
Is 11469017 a prime number?
False
Is 5745031261 composite?
False
Is 2030460083 composite?
True
Is 227740457963 a prime number?
False
Is 111039639989 prime?
True
Is 1400990741 a prime number?
False
Is 4588684567 composite?
False
Is 74402849 composite?
False
Is 4699578859 a composite number?
False
Is 2497090853 a prime number?
True
Is 894978707 a prime number?
False
Is 14460501293 a prime number?
False
Is 1644474259 a prime number?
True
Is 7423855631 prime?
False
Is 30865077689 composite?
False
Is 3904943389 a prime number?
False
Is 2608525453 composite?
True
Is 171964005613 a prime number?
False
Is 1265562359 composite?
True
Is 4761836689 a composite number?
True
Is 12031946767 prime?
True
Is 23641868993 prime?
True
Is 2840890153 composite?
True
Is 4873931437 a composite number?
False
Is 35173656857 composite?
False
Is 18576747599 a composite number?
False
Is 713069551 composite?
False
Is 2992422757 a prime number?
True
Is 1181371 a prime number?
False
Is 221754259 composite?
False
Is 11119674871 a prime number?
True
Is 28124959087 prime?
False
Is 15840458461 a composite number?
True
Is 298367858 prime?
False
Is 4498628243 composite?
True
Is 24105813359 a composite number?
True
Is 742691609 a prime number?
False
Is 527036819 a prime number?
False
Is 6604632017 composite?
False
Is 65329586743 a prime number?
True
Is 2708521337 prime?
True
Is 10783769861 prime?
True
Is 19439345741 prime?
False
Is 313124449 prime?
False
Is 985516277 a composite number?
True
Is 461080309 composite?
True
Is 7049894711 a prime number?
False
Is 308384653 composite?
True
Is 1682903861 a prime number?
True
Is 1053329027 a composite number?
True
Is 1349015209 composite?
True
Is 11094093957 a prime number?
False
Is 13539344999 a composite number?
False
Is 577375189 composite?
False
Is 62997354217 a prime number?
False
Is 7237367231 a prime number?
True
Is 290316713 composite?
True
Is 7701060889 a composite number?
True
Is 3293971 a prime number?
False
Is 286830394 a prime number?
False
Is 3166101485 a composite number?
True
Is 761461693 a prime number?
True
Is 4290173287 a composite number?
False
Is 414237491 a prime number?
True
Is 14438595631 a prime number?
True
Is 4571607199 a composite number?
True
Is 75457920799 a prime number?
True
Is 2795587511 composite?
True
Is 16697097341 prime?
True
Is 4331641 prime?
True
Is 1643267653 a composite number?
False
Is 9291087683 prime?
False
Is 2532766415 a prime number?
False
Is 5825777281 a prime number?
True
Is 20201321059 a prime number?
False
Is 1065480547 a prime number?
False
Is 399327011 prime?
False
Is 58247985577 composite?
False
Is 3084206171 prime?
True
Is 835411371 composite?
True
Is 554280949 composite?
False
Is 6376799435 composite?
True
Is 4375324253 prime?
False
Is 3867193537 a composite number?
False
Is 7940398457 prime?
True
Is 7853390999 a composite number?
False
Is 98052106079 a prime number?
True
Is 3305309899 a composite number?
False
Is 13818347 a prime number?
False
Is 128209553 prime?
True
Is 164208809 composite?
False
Is 39630256637 composite?
True
Is 1753903861 prime?
False
Is 73670303393 composite?
False
Is 2754415363 composite?
True
Is 234417013 a composite number?
False
Is 5995109405 composite?
True
Is 3142288573 a prime number?
False
Is 577638947 composite?
True
Is 3729842213 prime?
True
Is 22921660339 composite?
False
Is 2378445689 a composite number?
False
Is 40655616451 a prime number?
True
Is 1737289123 prime?
True
Is 5572511947 composite?
True
Is 386883487 a composite number?
False
Is 504602213 a prime number?
False
Is 328093223 a composite number?
False
Is 268530049 prime?
True
Is 3625115021 prime?
False
Is 570204029 composite?
True
Is 883629389 prime?
True
Is 30445606033 a prime number?
False
Is 5451379599 a prime number?
False
Is 1291987309 composite?
True
Is 18535927379 composite?
False
Is 27808072459 a composite number?
True
Is 17539416463 a prime number?
False
Is 290981045 a prime number?
False
Is 517294383 prime?
False
Is 380226887 composite?
True
Is 123751239191 composite?
False
Is 165574259261 a prime number?
True
Is 109489657 composite?
True
Is 12883322073 prime?
False
Is 9230684129 prime?
False
Is 23040449 a composite number?
False
Is 105698669 a prime number?
False
Is 3262981999 composite?
False
Is 36612187 composite?
False
Is 1485356333 prime?
False
Is 1869618379 prime?
True
Is 13000038847 composite?
True
Is 676372601 composite?
True
Is 4361464477 a composite number?
True
Is 2865694331 composite?
False
Is 510692593 a prime number?
True
Is 55881159967 a prime number?
False
Is 8447902081 a composite number?
False
Is 98349771199 composite?
True
Is 498649267 a prime number?
True
Is 3608301019 a composite number?
True
Is 1129407301 a prime number?
False
Is 1042804351 prime?
True
Is 36263662907 a prime number?
True
Is 1695455689 prime?
False
Is 480480827 composite?
True
Is 488558083 a composite number?
True
Is 315981335037 a composite